se -3*y + u = a, 2*y + 0*y - a - 34 = 0. What is the remainder when k is divided by y?
14
Let a = 3959 - 3947. Calculate the remainder when 49 is divided by a.
1
Suppose 3*k - 56 + 50 = 0. Suppose -5*p + k*p + 310 = -4*d, -5*d = -2*p + 195. Suppose -34 = 4*o - p. Calculate the remainder when 55 is divided by o.
17
Let x = -19050 - -19254. Calculate the remainder when x is divided by 16.
12
Suppose -2*b = -5*a - 105, -63*a - 2 - 4 = -61*a. What is the remainder when 711/4 - 2/(-8) is divided by b?
43
What is the remainder when 1939/2*(-8 + 6)*(-82 + 81) is divided by 484?
3
Let v = 3 + 12. Let m be ((50/(-3))/((-1)/(-3)))/(-2). What is the remainder when v is divided by (-90)/(-6)*15/m - 4?
0
Suppose r - 2*l - 2789 = 0, -5*r - 292 + 14292 = l. What is the remainder when 244 is divided by r/45 + 16/20?
55
Let v(z) = -z**3 + 3*z**2 + 5*z - 5. Let w be v(4). Let a be 4 - 2 - (w + -4). Suppose -a*l = -10*l + 114. What is the remainder when 150 is divided by l?
36
Let f = -9816 + 10015. Calculate the remainder when 1007 is divided by f.
12
Let h(s) be the second derivative of -s**5/20 - s**4/6 + s**3 + 2*s**2 + s. Let d = -712 - -708. Calculate the remainder when 44 is divided by h(d).
8
Suppose -44 = -4*y + 116. Suppose 36*r - 250 = 31*r. What is the remainder when y is divided by 30/r + (-216)/(-15)?
10
Let c = 4856 - 4169. What is the remainder when c is divided by 33?
27
Let f = -122 + 126. Calculate the remainder when 278 is divided by (-1)/(f/(-56))*(-4 + 8).
54
Let z(x) = -3*x**2 - 234*x - 424. What is the remainder when z(-67) is divided by 36?
23
Let n(b) = -9*b + 471. What is the remainder when 3440 is divided by n(14)?
335
Let w(b) = 26*b**2 + 84*b + 39. What is the remainder when w(10) is divided by 41?
35
Let x = 26 + 346. Suppose -x = -7*u + 3*u. Suppose 5*k - 27 = 68. What is the remainder when u is divided by k?
17
Let o(h) = 7*h + 5. Let b be o(3). Let j be 14/35*(-10)/(-2). Suppose -4 + b = j*r - w, -r = -3*w - 1. Calculate the remainder when 38 is divided by r.
12
Let v = -49 - -208. Let b = v + -141. What is the remainder when 431 is divided by b?
17
Suppose -3*g + 1173 = -4*m + 406, -2 = m. Let r = g - 214. What is the remainder when r is divided by 38?
1
Let v = 163 - -91. Let l = v + 51. What is the remainder when l is divided by 18?
17
Suppose 10*w - 6*w - 721 = -j, 2*j - 2 = 0. What is the remainder when 518 is divided by w?
158
Let n = 638 - 650. What is the remainder when 106 is divided by (n/(-15))/(4/20)*11?
18
Let q(h) = 5*h**2 + 3*h + 9. Suppose 31*n - 22*n - 351 = 0. What is the remainder when q(-7) is divided by n?
38
Let y = 793 + -681. What is the remainder when y is divided by 34?
10
Suppose -42*h = -41*h - 7. Let t be 50/(-175) + 16/h. Calculate the remainder when ((-147)/(-14))/(t/4) is divided by 8.
5
Let f = 369 - 335. Let m = -409 + 576. What is the remainder when m is divided by f?
31
Let k(w) = -25*w**2 - 12*w - 7. Let v(x) = -x**2 - x - 1. Let t(m) = -k(m) + 6*v(m). What is the remainder when t(3) is divided by 32?
30
Suppose -3*m + 158 = -2*m - 5*l, 0 = 5*m - 2*l - 882. What is the remainder when m is divided by ((-315)/91)/((-138)/1196)?
28
Let j = -4536 + 4633. What is the remainder when 172 is divided by j?
75
Let j = 194 + -148. Suppose h + 2190 = 7*h. What is the remainder when h is divided by j?
43
Suppose o - 6999 = -2*n, -3*n - 91*o + 10486 = -92*o. Calculate the remainder when n is divided by 25.
22
Suppose 4*r - 325 = t, 3*t - 240 = 8*r - 11*r. Calculate the remainder when 165 is divided by r.
3
Suppose 4*o = b + 122, -146 = -4*o - 103*b + 108*b. Calculate the remainder when 2667 is divided by o.
28
Let r(h) = -51*h - 381. What is the remainder when 304 is divided by r(-9)?
70
Let k = 263 + -63. Suppose 4*b + 60 = k. Calculate the remainder when 129 is divided by b.
24
Let h = -4034 + 4047. Calculate the remainder when 538 is divided by h.
5
Let j(d) = 31*d**3 + 21 + 3*d**2 + 34*d**3 - 47*d + 49*d - 23. Calculate the remainder when j(1) is divided by 17.
0
Let w be ((-57)/(-4))/(35/28 + -1). Suppose 13*l - 8 - w = 0. Suppose -5*o = -11 - 119. Calculate the remainder when o is divided by l.
1
Suppose 19*j = 20*j - 1, -90 = -3*r + 3*j. Calculate the remainder when 1337 is divided by r.
4
Suppose -84*g = -22*g - 8742. Calculate the remainder when 366 is divided by g.
84
Suppose 222*n - 225*n = -222. Calculate the remainder when 122 is divided by n.
48
Suppose -159 = -16*l - 37*l. Let z = 22 - l. What is the remainder when z is divided by 5?
4
Let o(v) = v**2 + 9*v + 146. Calculate the remainder when o(-35) is divided by 20.
16
Let y(v) = 131*v**2 + 8*v + 8. Suppose -11*w = -177 - 32. What is the remainder when y(-1) is divided by w?
17
Suppose 7 = -2*j + 1. What is the remainder when 64 is divided by (34/(-6))/(1/j)?
13
Let x be ((-36)/(-21))/((-3 - -2)/(-21)). Let p = x - -312. Calculate the remainder when p is divided by 35.
33
Let d(i) = 3*i**3 - i. Let v be d(-1). Let a(w) = 10*w + 26. What is the remainder when 14 is divided by a(v)?
2
Let y(u) be the first derivative of u**3 - 31*u**2/2 - 17*u - 206. Calculate the remainder when y(12) is divided by 32.
11
What is the remainder when (253 + -265)/((-4)/109) is divided by 44?
19
Suppose 4*m + 3*i - 424 = 0, -2*m = 168*i - 172*i - 190. Calculate the remainder when 1374 is divided by m.
35
Suppose -5*s + 9*s - j = 29, 2*s - 5*j = 37. Suppose -s*t = -248 - 16. Calculate the remainder when t is divided by 15.
14
Suppose l + 5*z - 2 = -0, -2*l - 5*z = -4. What is the remainder when 47 is divided by -5 + l/((-2)/(-11))?
5
Let p = -6571 - -6583. What is the remainder when p is divided by 10?
2
Suppose w + 6 = 3*m, -4*m - 25 = -0*w - 5*w. Suppose -w*y - 24*y + 1254 = 0. Calculate the remainder when y is divided by 17.
4
Let p(m) = -5*m**2 - 38*m - 6. Let j be p(-6). Let f(s) = -s**3 - 5*s**2 + 2*s - 1. Calculate the remainder when f(-6) is divided by -8 + 330/j + (-128)/(-14).
5
Let p(u) = -2*u**3 + 36*u**2 - 28*u - 99. Let r(y) = 35*y**3 - 2*y**2 + 2*y - 1. What is the remainder when r(1) is divided by p(17)?
1
Let t = -2495 + 2601. Calculate the remainder when t is divided by 14.
8
Suppose 3*v = -f + 82, -v = -2*f + 199 - 217. What is the remainder when v is divided by 18?
8
Suppose 5*f - 2*z - 1298 = 83, -5*f = 4*z - 1363. Suppose 7*w + 5*i = 4*w + 260, 0 = -3*w - 2*i + f. What is the remainder when w is divided by 48?
47
Suppose -1330 - 812 = 7*s. Let m = 320 + s. What is the remainder when m is divided by 3?
2
Suppose -5*a + 10 = 0, 2*a = -4*z - 5 + 25. Suppose -52*p - 3*n = -53*p - 9, -2*p = z*n - 22. Let x = 33 + -13. Calculate the remainder when x is divided by p.
2
Let a(g) = -g**3 + 6*g**2 + 2. Let v be a(0). Suppose 4*n + 4*d - 514 = v*n, -3*d = -n + 232. What is the remainder when n is divided by 31?
30
Let o = 628 + -449. Let d = o - 133. Suppose -2*h + 5*h - 825 = 0. Calculate the remainder when h is divided by d.
45
Let c = -55 - -62. Suppose 3*y + 19 = c, 56 = 4*k - 3*y. What is the remainder when 16 is divided by k?
5
Suppose 38*z + 100371 = 100637. Let b be 222 + (0 - 0)/2. Suppose -3*y = -0*y - b. What is the remainder when y is divided by z?
4
Let j = -44 + 63. Suppose -59 = -3*h + 2*n, 5*h + 31 = -3*n + 123. Calculate the remainder when j*4 - ((-9 - -5) + 6) is divided by h.
17
Suppose 163*o - 285 - 731 + 38 = 0. Suppose -3*a = -a - 112. Calculate the remainder when a is divided by o.
2
Let f = -10346 + 10859. Calculate the remainder when f is divided by 188.
137
Let w = -609 + 655. What is the remainder when 90 is divided by w?
44
Suppose 0 = -847*m + 836*m + 5786. Calculate the remainder when m is divided by 184.
158
Suppose -5*i = -14*i - 0*i + 36126. Calculate the remainder when i is divided by 13.
10
What is the remainder when (-8)/10 + 10 + 5465/(-75)*-9 is divided by 21?
14
Suppose 36*b - 11328 = 12*b. Calculate the remainder when b is divided by 212.
48
Suppose 5*u + 2*r = 7*r + 2435, -5*u - 5*r = -2455. Let l(v) = -77*v + 12635. Calculate the remainder when u is divided by l(164).
6
Suppose -497 = 15*y - 1217. Suppose 129 = 3*c + y. What is the remainder when 132 is divided by c?
24
Suppose 3*q + 1 = 4. Let t = 228 + -152. Suppose -5*u = q - t. Calculate the remainder when 42 is divided by u.
12
What is the remainder w